hat is the highest common factor of 91276 and 17039788?
4804
What is the greatest common factor of 10171779 and 464?
29
What is the greatest common divisor of 392 and 8114540?
28
Calculate the greatest common divisor of 44018933 and 6566.
469
What is the highest common factor of 126 and 4779243?
63
Calculate the greatest common divisor of 4165182648 and 148.
148
Calculate the highest common divisor of 49 and 1510733161.
49
What is the highest common divisor of 23914800 and 99864?
5256
Calculate the highest common divisor of 11625 and 524775.
75
Calculate the highest common divisor of 3170 and 31950430.
3170
Calculate the greatest common divisor of 29470864 and 136.
8
Calculate the greatest common factor of 2474 and 257774.
2
What is the highest common divisor of 451384932 and 3612?
516
What is the greatest common divisor of 54726 and 2724?
6
What is the highest common divisor of 778976079 and 342?
57
What is the highest common divisor of 72150 and 76830?
390
What is the greatest common divisor of 348 and 146075900?
116
Calculate the greatest common divisor of 3 and 30641015.
1
Calculate the greatest common divisor of 80889912 and 279.
279
Calculate the greatest common divisor of 20070 and 69840.
90
Calculate the highest common divisor of 1496 and 3632728.
88
What is the highest common factor of 1696 and 432470884?
212
What is the greatest common divisor of 584619120 and 67405?
5185
What is the greatest common factor of 2484675 and 900?
225
Calculate the highest common divisor of 3959848 and 5480.
1096
What is the greatest common factor of 351250 and 460750?
250
What is the greatest common divisor of 999229 and 15865?
19
Calculate the greatest common factor of 1189376 and 20240.
368
What is the greatest common factor of 208 and 339724912?
16
Calculate the greatest common divisor of 109113970 and 140.
70
Calculate the highest common factor of 26429 and 12899385.
2033
What is the highest common factor of 579590079 and 4731?
4731
What is the greatest common factor of 250866 and 774?
18
Calculate the greatest common factor of 3506272 and 1771.
77
Calculate the greatest common divisor of 1981 and 218442889.
1981
What is the highest common divisor of 68227207 and 985?
197
What is the greatest common factor of 20794445 and 1645?
1645
What is the greatest common factor of 2428576 and 15328?
32
What is the highest common divisor of 141308482 and 28112?
3514
Calculate the highest common divisor of 589411 and 3001567.
3407
What is the greatest common divisor of 2943667 and 12355?
353
Calculate the highest common factor of 700 and 1125145.
35
Calculate the highest common divisor of 46068963 and 85.
17
What is the greatest common divisor of 73477668 and 60?
12
Calculate the highest common divisor of 195635089 and 182.
13
What is the highest common factor of 35851408 and 244?
244
What is the highest common divisor of 3216 and 689698?
134
What is the highest common factor of 988 and 545452?
76
Calculate the greatest common divisor of 22400 and 7100.
100
Calculate the highest common divisor of 18379904 and 128.
128
What is the greatest common divisor of 9401739 and 2751?
393
What is the highest common factor of 1196 and 5298046?
26
What is the highest common factor of 867 and 774129?
51
Calculate the highest common factor of 5640 and 294338440.
1880
Calculate the highest common factor of 628 and 26482446.
314
Calculate the greatest common divisor of 1268655 and 729155.
415
What is the highest common divisor of 165924559 and 757?
757
What is the greatest common factor of 1296 and 180789408?
1296
Calculate the highest common divisor of 7924 and 9422.
14
What is the greatest common factor of 4350407 and 11842?
191
Calculate the highest common factor of 429724 and 38849.
53
What is the greatest common factor of 66460 and 15090?
10
Calculate the highest common factor of 30 and 47514405.
15
Calculate the greatest common factor of 55385386 and 196.
98
Calculate the greatest common divisor of 4293 and 69183126.
1431
Calculate the greatest common factor of 157748 and 1106948.
452
Calculate the highest common divisor of 688 and 1015472.
16
What is the highest common divisor of 490329 and 86688?
2709
What is the greatest common factor of 1585 and 325231856?
317
Calculate the highest common divisor of 717828325 and 25.
25
Calculate the greatest common factor of 130400582 and 4264.
1066
Calculate the greatest common factor of 9339344 and 1953952.
6832
What is the greatest common divisor of 49 and 383411?
7
What is the highest common divisor of 1035248616 and 144?
72
Calculate the highest common divisor of 884 and 32059586.
442
Calculate the highest common factor of 2567732 and 4103.
373
Calculate the highest common factor of 824395 and 6149.
143
Calculate the highest common divisor of 23416833 and 4524.
87
Calculate the greatest common divisor of 38987201 and 179964.
4999
What is the highest common divisor of 1210 and 93162135?
605
What is the highest common factor of 230720 and 47264?
224
What is the highest common factor of 65699244 and 389163?
5331
Calculate the greatest common factor of 114750 and 2377110.
510
Calculate the greatest common divisor of 69160 and 387400.
520
What is the highest common factor of 8772372 and 24?
12
What is the highest common factor of 12 and 3980732436?
12
Calculate the greatest common divisor of 1471 and 3407384683.
1471
Calculate the highest common factor of 2379020 and 2464.
28
What is the greatest common divisor of 36370 and 1210?
10
What is the highest common divisor of 316 and 9347754?
158
Calculate the greatest common factor of 193251 and 20124219.
5223
What is the greatest common divisor of 4 and 5289868?
4
What is the highest common factor of 15 and 21776535?
15
What is the greatest common divisor of 143276 and 2491076?
1204
Calculate the greatest common divisor of 33 and 345897277.
11
What is the highest common divisor of 1392 and 441148?
116
Calculate the greatest common divisor of 1868 and 181801699.
467
What is the greatest common factor of 12008 and 72414560?
632
What is the greatest common factor of 36115 and 555055?
155
What is the greatest common factor of 4761 and 600741393?
1587
Calculate the highest common factor of 3540 and 10955415.
885
Calculate the highest common factor of 1024 and 13326848.
512
What is the highest common factor of 60701809 and 254?
127
Calculate the greatest common divisor of 5956 and 36584.
4
Calculate the greatest common factor of 48 and 304712.
8
Calculate the highest common factor of 44850 and 4728225.
1725
What is the greatest common factor of 122 and 102461761?
61
Calculate the highest common factor of 171690 and 5595.
15
Calculate the highest common factor of 5631 and 31627450.
1877
Calculate the greatest common divisor of 7715 and 4989.
1
Calculate the highest common divisor of 7337115 and 139.
139
Calculate the highest common divisor of 1315882 and 17347.
83
Calculate the highest common divisor of 436760 and 7120.
40
Calculate the highest common divisor of 246 and 4981176.
6
Calculate the highest common factor of 7300 and 102780.
20
Calculate the greatest common factor of 32 and 18867248.
16
Calculate the greatest common factor of 117600 and 158550.
1050
What is the greatest common factor of 6149 and 2618356?
559
What is the highest common factor of 26 and 619136570?
26
What is the highest common divisor of 310914713 and 667?
667
Calculate the greatest common divisor of 4724 and 12309563.
1181
What is the highest common divisor of 90412733 and 563?
563
Calculate the greatest common divisor of 2 and 538230992.
2
What is the greatest common divisor of 15000 and 601050?
150
What is the highest common factor of 2172613 and 23?
1
What is the highest common factor of 383775 and 2284800?
8925
What is the highest common factor of 1881236 and 903?
7
Calculate the greatest common divisor of 40674 and 13782.
6
What is the highest common divisor of 34 and 7888238?
34
Calculate the highest common factor of 3152986 and 4.
2
Calculate the highest common divisor of 7327189471 and 49.
49
What is the greatest common factor of 208421299 and 3639?
1213
What is the highest common factor of 168 and 78734328?
24
Calculate the greatest common factor of 35021 and 33054.
7
What is the highest common factor of 3